 19. Let v be u(7). Suppose -3*o + 4*r = -202, -v*o - 201 = -26*o + 3*r. What is the highest common factor of 33 and o?
33
Suppose 3*x + 2*g - 6388 = 0, -12*x + 3*g - 7844 = -33308. What is the greatest common divisor of x and 4425?
177
Suppose 0*q + 2*q = 2*l + 18, 21 = -3*l + 5*q. Let y be 17 - (8 + l)/(-4). Calculate the highest common factor of 224 and y.
16
Let d be ((-4)/26 + 5402/130)*40/6. Calculate the greatest common factor of d and 60.
12
Suppose 3682 = -0*o + 14*o. Let y = o + -249. Calculate the greatest common divisor of 224 and y.
14
Suppose 0 = 65*t - 138*t + 15111. Calculate the highest common factor of t and 1518.
69
Let r(j) = -j**3 - j**2 - j + 18. Let u be r(-3). Suppose 5*l + 47 = 4*z, 3*z + 34*l - 39*l = u. Let y = -6 - -10. What is the highest common factor of y and z?
4
Suppose 3*f = 5*m - 79, f - 2*f + 36 = 2*m. Let b be 89*1*(m - 16). Let t = 98 - b. Calculate the highest common divisor of 81 and t.
9
Suppose 7*q - 4*q - 918 = 0. Let j = -145 + q. Let s be 17 - 7/63*-24*9/4. Calculate the greatest common factor of j and s.
23
Let l(h) = h + 32. Let a be l(-16). Let s(j) = -j + 25. Suppose 5*f - 63 = 22. Let k be s(f). What is the highest common divisor of k and a?
8
Let b = -18 + 50. Suppose 13197 = 20*s + 3677. Let p = -460 + s. Calculate the highest common divisor of p and b.
16
Suppose -6*p + 0*p = 0, -5*h + 3200 = 4*p. Calculate the highest common factor of 480 and h.
160
Suppose -5*q + 5270 = 8*i, 3*i + 3*q - 1896 = 78. Calculate the greatest common factor of i and 960.
60
Suppose 4*n - 15 = 5*g, -12*g - 20 = -5*n - 7*g. Suppose 92 = 2*p - b, 3*p - 6*p = -3*b - 141. Calculate the highest common factor of n and p.
5
Let g(p) = -p**3 + 7*p**2 - 2*p - 18. Let b be g(7). Let r be (-6 - -2)*12/b*2. Calculate the highest common factor of r and 93.
3
Let s(r) = r**3 - 13*r**2 + 12*r + 8. Let u be s(12). Let x(n) = -n + 39 - 12 - u. Let f be x(-18). What is the highest common divisor of f and 407?
37
Let s(l) = 0 - l**2 + 0*l**2 + 2 + l + 7*l. Let g be s(6). Let u be (-14)/(4 + 13 + -18). Calculate the greatest common factor of g and u.
14
Let w be (-130)/(-2*(-4)/(-4)) + 3. Let h(c) = c**3 - 4*c + 1. Let s be h(3). Suppose 0 = -2*b + 18 + s. What is the greatest common divisor of b and w?
17
Suppose 2*q = -2 + 8. Let x = -770 - -773. Let l be -3*(q - 7)*x. Calculate the highest common factor of l and 12.
12
Suppose 0 = -v + 2*b + 325, -1661 = v - 6*v + b. Let p = -67 + v. What is the greatest common factor of p and 14?
14
Let b(n) = 2 + 6 + 64*n + 1 + 7*n**2 + n**3 + 56*n - 116*n. Let i be b(-3). What is the highest common divisor of 209 and i?
11
Let m be 3250/39 - 7/3. Calculate the highest common divisor of 135 and m.
27
Suppose 414 = -34*a + 37*a. Let n be ((-4)/5)/(-6 - (-220052)/36685). Calculate the greatest common divisor of a and n.
46
Let n(q) = -2*q**3 - 38*q**2 + 27*q + 576. Let d be n(-19). Let f = 6 - 0. Let x = f + 1. What is the highest common divisor of d and x?
7
Suppose -7*r + 75 + 9 = 0. Let l be (-8)/6*(-15)/10. Suppose -4*t = l*u - 0*t - 12, 4*t = -u. What is the greatest common divisor of u and r?
12
Suppose -o - b = -6, 0*b + 22 = 5*o - 3*b. Suppose -o*a - 7 = 3. Let n be ((-3)/2)/(3*a/144). What is the greatest common divisor of n and 24?
12
Suppose -94 = -5*f + 3*f + 78. Calculate the greatest common divisor of f and 36.
2
Suppose 2*b + 550 = 2*d, 4*b - 5*d + 30 = -1069. Let s = b + 726. What is the greatest common divisor of s and 18?
18
Let s be 3/7 + (-14388)/(-42) + -1. Let v be (-6)/15 + (s/30 - -4). Calculate the greatest common divisor of 95 and v.
5
Let h be (-177)/(-9) - (-2)/6. Suppose -r = h - 28. Let a(g) = 25*g + 13. Let w be a(3). What is the greatest common divisor of w and r?
8
Let l be 324/10 - (-18)/30. Let q = -5258 - -5390. What is the highest common divisor of l and q?
33
Let h be ((-2)/5*-15)/(-2). Let d(t) = -2*t**3 - 7*t**2 - 10*t - 12. Let p be d(h). Calculate the greatest common factor of 369 and p.
9
Suppose -4*k - 2*t = 3*t + 154, -3*k - 4*t - 116 = 0. Let m be -7 + (-4149)/k - 1/4. What is the greatest common divisor of 12 and m?
12
Let v = 3716 - 3051. Calculate the highest common divisor of v and 1463.
133
Let c = 72 - -40. Let b(m) = m**3 - 6*m**2 + 6*m - 8. Let j be b(6). What is the highest common factor of j and c?
28
Let z be (-41)/(-82) + (0 - 270/(-4)). Calculate the highest common divisor of z and 104.
4
Suppose y = -v - 3*v + 200, 0 = -2*y + v + 364. Let t = -163 + y. Calculate the highest common factor of 84 and t.
21
Let y = 291 + -147. Let c be (-15)/(-12) + 12/16. Suppose 38 = c*s + 2. What is the highest common factor of s and y?
18
Let p(u) = -u**3 - 15*u**2 + 19*u - 37. Let c be p(-17). Suppose -c = -f - 8. Let l be -2 - -3 - (-20 - 0). Calculate the highest common divisor of l and f.
21
Let c be ((2/10)/((-7)/21) - (-28)/30)*33. Let w(r) = r**2 - r - 1. Let s = 0 - 3. Let h be w(s). Calculate the greatest common divisor of c and h.
11
Let s = -3854 - -3869. Calculate the highest common divisor of s and 9675.
15
Suppose 0 = 4*h - w - 9 - 19, -8 = h - 4*w. Calculate the greatest common factor of 10964 and h.
4
Suppose -352 = 2*c - 116. Suppose -4*b - 188 = 264. Let k = b - c. What is the highest common factor of 125 and k?
5
Let d be 14/70 + (-3)/((-30)/(-482)). Let g be (10 + d/4)*(-2)/4. What is the greatest common factor of 1 and g?
1
Let x be -2 + (159 + 0)/(-3). Let q be -1*(x + (0 - -3)). Calculate the highest common divisor of 676 and q.
52
Suppose -c + 2*m - 10 = 0, m + 0 - 5 = 5*c. Let u be (0 - 0)*(-1 - c). Suppose 4*o - 8*o + 104 = u. Calculate the greatest common factor of 182 and o.
26
Let k = 31 - 28. Suppose 3*h = b + 2 - 8, -3*b = k*h + 6. Let m = h + 17. Calculate the highest common divisor of 5 and m.
5
Let m = -91 - -141. Suppose -235 = 5*f - 5*u, -2*u = 2*f - 3*f - m. Let k = f + 50. What is the greatest common factor of k and 30?
6
Let p be 1*10/((-150)/2313)*(-5)/1. What is the greatest common factor of 3 and p?
3
Let f be -1*(-11)/(77/35). Suppose -4*t - 4*d + 648 = 0, f*t - 156 = 4*t + d. Calculate the greatest common factor of t and 424.
53
Suppose -2*u + 30*v - 29*v + 13448 = 0, 2*u - 13456 = -v. Calculate the highest common factor of 1026 and u.
114
Let f(z) = 45*z + 3665. Let k be f(-81). What is the greatest common divisor of 7060 and k?
20
Let i(b) = 60*b - 1194. Let o be i(23). What is the greatest common factor of 6 and o?
6
Let p(r) = 49*r + 18. Let j be p(2). Let w(x) = 6*x + 1. Let i be w(-5). Let d be i/1*(4 - 5). Calculate the greatest common divisor of j and d.
29
Let t be 12/14*((-30)/(-6) - 19). Let h = t + 337. Suppose 2*d = 7*d - h. Calculate the highest common factor of 13 and d.
13
Let b(w) = -w**3 + 8*w**2 - 2*w + 6. Let y be b(8). Let u be y*((-4)/30 + (-6)/9). What is the greatest common divisor of 8 and u?
8
Let l be (-384)/21 + (-6)/(-21). Let p be (l/30)/((-2)/10). Suppose -6*w + 4 + 14 = 0. Calculate the greatest common divisor of p and w.
3
Let n(a) = -31*a + 3026. Let x be n(16). What is the highest common divisor of x and 330?
110
Let w = 183 - 180. Suppose -u = 2*u + w, -43 = -3*r - 5*u. What is the greatest common divisor of 112 and r?
16
Suppose 0 = -4*q + 164 + 276. Let i be (-2)/((-64)/q + (-2)/(-11)). Suppose -i*x + 172 - 52 = 0. What is the highest common divisor of x and 48?
24
Suppose -t + 3*o + 2089 = 0, o - 4171 = 89*t - 91*t. What is the greatest common factor of 14 and t?
14
Let p(l) = -4*l**2 + 235*l - 874. Let d be p(4). Calculate the highest common divisor of d and 10368.
2
Suppose 12*f + 50 = -22. Let h be f/(-18) - (-197)/3. Calculate the greatest common divisor of 6 and h.
6
Suppose -4*w - 5*q = -8090, -26*w + 24*w - 5*q = -4040. Calculate the greatest common factor of w and 325.
25
Let u be (-8)/(-10) - (-56)/(-1120) - (-10713)/4. What is the highest common factor of 38 and u?
19
Let u(p) = -p**3 + p**2 + p - 4. Let c be u(0). Let h be (9/c)/((-111)/1184). Calculate the highest common divisor of h and 3.
3
Suppose 11*t = -38*t + 6670 + 3620. Calculate the greatest common factor of 735 and t.
105
Suppose -9*t - 167 = 184. Let r = t + 45. Let y be 52/4 - (-2)/(-2). Calculate the highest common divisor of y and r.
6
Let c = -10 + 13. Suppose 36 = z + c*z. Let s = -1473 + 14